- 106*u**2 + 1 - u**3 + 108*u**2 + 2*u. What is p(2)?
-1
Let n(w) = 2*w**3 + 3*w**2 - 5*w + 18. Let c(z) = z**3 + 2*z**2 - 2*z + 8. Let b(d) = 5*c(d) - 2*n(d). Determine b(-3).
13
Let m be (3 + -6)*(-2)/(-2). Let p(z) = -z**3 - 3*z**2 + 2*z - 4. What is p(m)?
-10
Let t(o) = -o**3 - 2*o**2 - o + 2. Let w be t(-3). Let x(n) = 3*n - 2 - w*n + 3. What is x(1)?
-10
Let y(t) = -2*t - 2. Let k be 4/(2 - 4) - -18. Let f be 0/(-1) + k*-1. Let z be f/9 + 6/(-27). Give y(z).
2
Let u(d) = 15*d**2 - 11*d - 13. Let g be (-106)/(-8) - (-7)/(-28). Let q(p) = -7*p**2 + 5*p + 6. Let t(x) = g*q(x) + 6*u(x). Calculate t(0).
0
Let h(t) = 3*t**2 - 6*t - 1. Suppose 5*b = 3*l - 10, 7*l = 2*l. Let o(g) = 13*g - 5*g + 3 - 2 - 7*g**2 + 5*g. Let v(n) = b*o(n) - 5*h(n). Calculate v(5).
-2
Let h(r) be the third derivative of -13*r**6/120 + r**5/60 - r**4/24 + r**3/6 + 3*r**2. Suppose 0 = -0*f + 4*f - 16, -9 = 3*l - 3*f. Determine h(l).
-12
Let h be (2/3)/(2/6). Let r(q) be the first derivative of -2*q**2 - h*q**2 + 3*q**2 - 2 - q**3. What is r(-2)?
-8
Let d = -13 + 20. Suppose -d = 4*s + 13. Let p(v) = -v**2 - 6*v - 4. What is p(s)?
1
Let i(r) = 3 + 0 + 5 - 3*r - 1. What is i(7)?
-14
Let w(h) = -2*h**3 + 4*h**2 + 5*h + 7. Let i(q) = 3*q**3 - 3*q**2 - 4*q - 7. Let l(z) = 3*i(z) + 4*w(z). Give l(-6).
-5
Let o be ((10/(-2))/1)/1. Let v(s) = s**2 + 3*s - 5. Let j be v(o). Let t(r) = -5 - 6*r + 13*r - r**3 - 115*r**2 + 119*r**2. Give t(j).
5
Let h(x) = -4*x - 2. Let j(n) be the second derivative of -n**3/2 - n**2 - 4*n. Let d(g) = -2*h(g) + 3*j(g). Give d(-2).
0
Let p(z) = 4*z**2 + z - 1. Let s be p(-1). Let c(g) be the first derivative of 0*g**s + 9/4*g**4 + 0*g**3 - g + 2. What is c(1)?
8
Let s be (3 + 28/(-8))*8. Let u(c) = c**2 + 6*c + 1. Give u(s).
-7
Let d = 9 + -13. Let y be (-14)/(-8) - 1/d. Let i(a) = a**2 - 3 + 2*a - y + 4 + 2. What is i(-1)?
0
Let c be 2/10 + (-62)/10. Let p(u) = 9 - u + u**2 + 8*u + u. Calculate p(c).
-3
Let p be 1*2*4/16. Let y(j) be the first derivative of -j - 2 - p*j**2. Give y(-4).
3
Let d(s) = 2*s**3 - 12*s**2 + 6*s + 11. Let l(c) = -c**3 + 6*c**2 - 3*c - 6. Let w(f) = 3*d(f) + 5*l(f). What is w(5)?
-7
Let o be -10*-1*2/(-4). Let n(k) = k**3 - 2*k**2 - 4*k + 3. Let v be n(3). Let s(t) = 3 + 0 - 2 + v - t. Give s(o).
6
Let c(t) be the second derivative of -t**5/20 + t**4/4 - t**3/6 + 20*t. Let f(b) = b**2 + b - 4. Let m be f(-3). Determine c(m).
2
Let m = 126 + -128. Let j(k) = -3*k - 2. Determine j(m).
4
Let r(m) = 10*m**3 + m**2 + m + 3. Let w(d) be the third derivative of d**6/120 + d**5/60 + d**3/6 + 4*d**2. Let c(p) = -r(p) + 3*w(p). What is c(1)?
-6
Let a(d) = -5*d + 3. Let z(q) = 8*q + 2. Let g be z(-4). Let s be 1/(-3) - g/9. Give a(s).
-12
Let t = -3 + 6. Let k(j) = -1 + 2 + t - j + 0. Determine k(-4).
8
Let u(t) = -7*t - 12*t + 3*t. Determine u(1).
-16
Let m(f) = 4*f - 1 + 1 + 4. Let j be (2 - 3)/(6/24). Determine m(j).
-12
Let u be (-1)/1 + 4 + -12. Let d be 2/(-1 + u/(-6)). Let m(a) = 3 - 3*a**2 - 2*a**2 - d + 4*a**2 - a**3. Give m(0).
-1
Let w(q) = -q**2 + q - 3. Let t(p) = p. Let s(n) = 5*t(n) - w(n). Let g(m) = m**2 - 2*m - 3. Let c be g(-3). Let x be ((-2)/(-3))/((-4)/c). Calculate s(x).
-1
Let m(w) = 4*w**2 + 18 - 3*w**2 - 17. What is m(0)?
1
Let o(b) = -3*b**3 - 18*b**2 + 4. Let a be o(-6). Let i(m) = -11*m + 17. Let f(p) = 27*p - 42. Let h(x) = -5*f(x) - 12*i(x). Calculate h(a).
-6
Let s = -6 - -6. Let w be s - -3 - 2/2. Let c(t) = 2*t**2 - 3*t + 3. Give c(w).
5
Let n(h) = -h**2 + 4*h + 3. Let i be (0 - (-4 + 7))/((-3)/(-2)). Calculate n(i).
-9
Let j(z) be the third derivative of 1/24*z**4 - 7/6*z**3 + 0 + 0*z - 2*z**2. Give j(0).
-7
Let y(o) be the third derivative of o**4/24 + o**3/6 + 2*o**2. Let s = 10 - 6. Determine y(s).
5
Let h(m) be the second derivative of m**4/12 - 7*m**3/6 + 3*m**2/2 + 26*m. Calculate h(5).
-7
Let q(d) be the first derivative of -1/2*d**2 + 1 + 3*d. Let o be (-9)/2*(-2)/(-3). Calculate q(o).
6
Let n(k) = -k**2 + 1. Suppose -11 - 13 = -4*s. Let x(a) = a - 9. Let o be x(s). Give n(o).
-8
Let z(h) be the second derivative of -h**4/12 + h**3/6 - h**2 + 5*h. Determine z(0).
-2
Let r(b) be the second derivative of b**2 + 0 + 2*b - 1/12*b**4 - 1/2*b**3. Calculate r(-3).
2
Let s(g) = -g**2 + 3*g + 2. Let c = -3 + 1. Let y be (1 - (-7)/c)*-2. Suppose -x = -2*b - 0*x + 5, -y*x + 31 = 4*b. Calculate s(b).
-2
Let i(f) be the third derivative of -2*f**2 + 0*f**3 + 0 + 1/4*f**4 + 0*f. Calculate i(-2).
-12
Let g be ((-6)/(-5))/3*-5. Let y(u) = u**3 - 3*u**2 - 3*u. Calculate y(g).
-14
Let g = 3 + -6. Let f(u) = 5*u**3 + 16*u**2 - 1 - 22*u**2 + 8*u - 2*u**3. Let n(s) = -2*s**3 + 3*s**2 - 4*s + 1. Let z(l) = 3*f(l) + 5*n(l). Calculate z(g).
-10
Let g(u) = u**3 + 4*u**2 - 6*u + 1. Suppose a = 4*a - 3*x + 21, -23 = 3*a - 4*x. Let k(h) = h + h - h + 0. Let c be k(a). What is g(c)?
6
Let k(w) = -2. Let p(j) = -2*j**2 + j - 1. Let f(c) = -5*c**2 + 3*c - 3. Let a(v) = -3*f(v) + 8*p(v). Let l(y) = a(y) + k(y). What is l(-3)?
-7
Let h(d) = 2. Let z(s) = 2*s + 1. Let j(x) = h(x) + z(x). What is j(6)?
15
Let z(i) be the first derivative of -i**4/4 - 5*i**3/3 - i**2 - 2*i - 8. Let q(x) = x**2 - 5. Let o be q(0). Determine z(o).
8
Suppose 4*o = -12 + 4. Let t(f) = 3*f - f**2 - f**3 + 71 - 69 + 0*f**2. Calculate t(o).
0
Let b(u) = -2*u**2 + u + 4. Let g = 18 + -13. Let y(x) = -2*x**2 + 4. Let k(s) = g*b(s) - 6*y(s). Calculate k(-4).
8
Let y(w) = w**3 + 6*w**2 - 4. Let k = 37 + -43. What is y(k)?
-4
Let c(w) = w**3 + 6*w**2 + 2*w + 4. Suppose -3*j + 3 + 24 = 0. Suppose -3*n - 9 = j. Determine c(n).
-8
Let d(p) be the third derivative of p**6/60 + p**5/60 - p**4/8 - p**3/3 + 2*p**2. Suppose 4*n = -2*h - 1 + 5, -3*n = 2*h - 2. What is d(h)?
-8
Let z(x) = x**3 - 2*x**2 - x - 4. Let c = 5 - -5. Let m = -7 + c. What is z(m)?
2
Let g(o) be the second derivative of -o**5/20 - 3*o**4/4 - 5*o**3/3 - 6*o**2 + 5*o + 1. What is g(-8)?
4
Suppose -2*p + 8 = -0*p. Suppose p*u = -19 + 3. Let t(x) = 2*x - 4. Let z(w) = 2*w - 5. Let r(d) = 6*t(d) - 5*z(d). Give r(u).
-7
Let s be (2/6)/((-13)/(-273)). Let j(f) = f**3 - 6*f**2 - 6*f + 3. Determine j(s).
10
Let k(j) = 14*j - 3 + 12*j - 21*j + 5. Give k(-5).
-23
Suppose g = 5*y - 85 + 15, 2*y + 3*g - 28 = 0. Suppose l - 3*l = 2*h - 10, -4*l + y = 3*h. Let m(v) = -3 - 5*v + h*v**2 - 5*v**2 + 6 + 3. Give m(5).
6
Let n(v) = 12*v - 10*v - 3*v + 0 + 1. Let s(l) = -4*l**2 + 5*l - 6. Let i(x) = 6*n(x) + s(x). Let t be (2/(-4))/((-2)/(-4)). What is i(t)?
-3
Let f(h) = -h - 7. Let s = 54 + -60. What is f(s)?
-1
Let p(x) = x**2 + x + 2. Let n be (-2)/6 + (-2)/(-6). Give p(n).
2
Let q(j) = j**3 - 6*j**2 + 3*j + 1. Suppose -3*p - v = -16, 3*p + 4*v = -v + 32. Determine q(p).
-19
Let s(v) = v + 4. Suppose 2*f + y + 3 = 0, -2*f + 4*y - 38 + 10 = 0. What is s(f)?
0
Let k = -12 + 11. Let h(w) be the second derivative of -w**6/12 - w**4/24 - w**3/6 - w**2/2 + 2*w. Let x(i) be the first derivative of h(i). Determine x(k).
10
Let l(v) = -v - 8. Let a be l(-6). Let t = a + 4. Let r(q) = -q**3 + 3*q - 3. Give r(t).
-5
Let z(b) be the third derivative of -b**5/60 - b**4/24 - 10*b**2. Give z(-1).
0
Let r(j) = j**3 - 4*j**2 + j - 2. Let i(g) = g - g**3 + 2 + 7*g - 8*g + 4*g**2. Let x(l) = 4*i(l) + 5*r(l). Determine x(3).
4
Let a = 7 - 3. Let w(r) be the third derivative of r**6/120 - r**5/12 + r**4/6 + r**3/2 + r**2. What is w(a)?
3
Let g(o) = o**2 + 5*o. Let r = 2 - 6. Let i be g(r). Let y(w) = 5*w**2 - 8*w - 3. Let d(j) = -j**2 + 2*j + 1. Let t(s) = 9*d(s) + 2*y(s). What is t(i)?
11
Suppose 4 = 5*r + 14. Let m be (-1 - 3 - r) + -2. Let u(y) = y**2 + 2*y - 1. What is u(m)?
7
Let k(t) = -t**2 - 2*t + 2. Suppose -3*n = -32 - 1. Let q = n + -9. Let x be (-4)/(-8) + (-5)/q. Determine k(x).
2
Let k be 1 - (-1 + 1) - 1. Let c = k - 2. Let d(a) = a**2 + 4*a + 3. What is d(c)?
-1
Let a(b) = b - 1. Let g be (0*(-3)/12)/1. Calculate a(g).
-1
Let o(i) = -i**2 + 6*i - 3. Suppose -2*g = 15 - 27. Give o(g).
-3
Let g(d) be the first derivative of -d**4/4 - d**3/3 + 4*d - 1. Let x be 27/6*6/9. Suppose -l = -x*l. Give g(l).
4
Suppose 4*a = -8, -g = 5*a - a + 4. Let v(j) = 7*j - 8*j - 2 + 4*j + 1. Calculate v(g).
11
Let y(m) = m + 4. Let h(b) = -1. Let d(q) = 6*h(q) + y(q). Suppose -2*r - r = -3*u - 30, 5*r - 40 = 3*u. Determine d(u).
-